{"id":189,"date":"2020-07-31T19:46:37","date_gmt":"2020-07-31T17:46:37","guid":{"rendered":"http:\/\/cbnge.fr\/?page_id=189"},"modified":"2020-08-31T22:13:44","modified_gmt":"2020-08-31T20:13:44","slug":"internes-etudiants-de-troisieme-cycle","status":"publish","type":"page","link":"https:\/\/cbnge.fr\/index.php\/internes-etudiants-de-troisieme-cycle\/","title":{"rendered":"Internes (\u00e9tudiants de troisi\u00e8me cycle)"},"content":{"rendered":"\n<h3 class=\"wp-block-heading\">D\u00e9roulement du DES de MG<\/h3>\n\n\n\n<p>Le DES (Dipl\u00f4me d&rsquo;Etudes Sp\u00e9cialis\u00e9es) est le troisi\u00e8me cycle des \u00e9tudes m\u00e9dicales, qui correspond \u00e0 l&rsquo;internat de MG.&nbsp;<\/p>\n\n\n\n<p>Il se d\u00e9roule sur trois ans, avec un enseignement pratique et un enseignement th\u00e9orique.&nbsp;<\/p>\n\n\n\n<h4 class=\"wp-block-heading\"><span style=\"color:#cc0000\" class=\"has-inline-color\">L&rsquo;enseignement pratique<\/span><\/h4>\n\n\n\n<p>L&rsquo;enseignement pratique consiste en 6 stages de 6 mois, selon la maquette suivante.<\/p>\n\n\n\n<p><strong>1) durant la phase socle (premi\u00e8re ann\u00e9e du DES, 7<sup>\u00e8me<\/sup> ann\u00e9e de m\u00e9decine)&nbsp;:<\/strong><\/p>\n\n\n\n<ul class=\"wp-block-list\"><li>1 stage aux urgences<\/li><li>1 stage de m\u00e9decine g\u00e9n\u00e9rale de niveau 1<\/li><\/ul>\n\n\n\n<p><strong>2) durant la phase d\u2019approfondissement&nbsp;:<\/strong><\/p>\n\n\n\n<p><strong><em>En 2<sup>\u00e8me<\/sup> ann\u00e9e de DES (8<sup>\u00e8me<\/sup> ann\u00e9e d\u2019\u00e9tude)<\/em><\/strong><\/p>\n\n\n\n<ul class=\"wp-block-list\"><li>1 stage en m\u00e9decine adulte<\/li><li>1 stage en p\u00e9diatrie<\/li><\/ul>\n\n\n\n<p><em><strong>En 3<sup>\u00e8me<\/sup> et derni\u00e8re ann\u00e9e<\/strong><\/em><\/p>\n\n\n\n<ul class=\"wp-block-list\"><li>1 stage professionnalisant en m\u00e9decine g\u00e9n\u00e9rale sous forme de\u00a0SASPAS<\/li><li>1 stage en gyn\u00e9cologie<\/li><\/ul>\n\n\n\n<h4 class=\"wp-block-heading\"><span style=\"color:#cc0000\" class=\"has-inline-color\">Les enseignements th\u00e9oriques<\/span><\/h4>\n\n\n\n<p>L&rsquo;enseignement th\u00e9orique comprend :<\/p>\n\n\n\n<ul class=\"wp-block-list\"><li>des journ\u00e9es de cours obligatoires, les GAAP (Groupes d&rsquo;Apprentissage \u00e0 l&rsquo;Analyse de Pratique)<\/li><li>des cours propos\u00e9s par le DMG sur de nombreux sujets de m\u00e9decine g\u00e9n\u00e9rale<\/li><li>un tutorat avec r\u00e9alisation d&rsquo;un portfolio<\/li><\/ul>\n\n\n\n<p>La validation de DES n\u00e9cessite que les 6 stages soient valid\u00e9s, que l&rsquo;interne justifie d&rsquo;une formation th\u00e9orique par sa pr\u00e9sence et la validation de son portfolio au cours des 3 ans du DES. L&rsquo;interne doit \u00e9galement soutenir sa th\u00e8se d\u2019exercice.&nbsp;<\/p>\n\n\n\n<p><\/p>\n","protected":false},"excerpt":{"rendered":"<p>D\u00e9roulement du DES de MG Le DES (Dipl\u00f4me d&rsquo;Etudes Sp\u00e9cialis\u00e9es) est le troisi\u00e8me cycle des \u00e9tudes m\u00e9dicales, qui correspond \u00e0 l&rsquo;internat de MG.&nbsp; Il se d\u00e9roule sur trois ans, avec un enseignement pratique et un enseignement th\u00e9orique.&nbsp; L&rsquo;enseignement pratique L&rsquo;enseignement pratique consiste en 6 stages de 6 mois, selon la maquette suivante. 1) durant la&hellip;&nbsp;<a href=\"https:\/\/cbnge.fr\/index.php\/internes-etudiants-de-troisieme-cycle\/\" rel=\"bookmark\">Lire la suite &raquo;<span class=\"screen-reader-text\">Internes (\u00e9tudiants de troisi\u00e8me cycle)<\/span><\/a><\/p>\n","protected":false},"author":1,"featured_media":0,"parent":0,"menu_order":0,"comment_status":"closed","ping_status":"closed","template":"","meta":{"neve_meta_sidebar":"full-width","neve_meta_container":"","neve_meta_enable_content_width":"on","neve_meta_content_width":100,"neve_meta_title_alignment":"","neve_meta_author_avatar":"","neve_post_elements_order":"","neve_meta_disable_header":"","neve_meta_disable_footer":"","neve_meta_disable_title":"","iawp_total_views":2,"footnotes":""},"class_list":["post-189","page","type-page","status-publish","hentry"],"_links":{"self":[{"href":"https:\/\/cbnge.fr\/index.php\/wp-json\/wp\/v2\/pages\/189","targetHints":{"allow":["GET"]}}],"collection":[{"href":"https:\/\/cbnge.fr\/index.php\/wp-json\/wp\/v2\/pages"}],"about":[{"href":"https:\/\/cbnge.fr\/index.php\/wp-json\/wp\/v2\/types\/page"}],"author":[{"embeddable":true,"href":"https:\/\/cbnge.fr\/index.php\/wp-json\/wp\/v2\/users\/1"}],"replies":[{"embeddable":true,"href":"https:\/\/cbnge.fr\/index.php\/wp-json\/wp\/v2\/comments?post=189"}],"version-history":[{"count":3,"href":"https:\/\/cbnge.fr\/index.php\/wp-json\/wp\/v2\/pages\/189\/revisions"}],"predecessor-version":[{"id":211,"href":"https:\/\/cbnge.fr\/index.php\/wp-json\/wp\/v2\/pages\/189\/revisions\/211"}],"wp:attachment":[{"href":"https:\/\/cbnge.fr\/index.php\/wp-json\/wp\/v2\/media?parent=189"}],"curies":[{"name":"wp","href":"https:\/\/api.w.org\/{rel}","templated":true}]}}